rime?
True
Is 600703699 composite?
True
Is 38580197 composite?
False
Is 107001701 prime?
True
Is 6242939 composite?
True
Is 147975979 prime?
True
Is 335198449 a composite number?
False
Is 35616011 a prime number?
False
Is 60363586 a composite number?
True
Is 206600291 a prime number?
True
Is 736316567 a prime number?
False
Is 8593451 prime?
False
Is 3983387 a composite number?
False
Is 140069633 prime?
False
Is 2729621 a composite number?
True
Is 24210607 prime?
True
Is 35301421 composite?
False
Is 127020137 a composite number?
False
Is 123126397 a composite number?
False
Is 3234694 a composite number?
True
Is 2882077 a composite number?
True
Is 1622027 prime?
False
Is 1735427 a composite number?
True
Is 3699169 a composite number?
False
Is 15157039 a composite number?
False
Is 97614643 a prime number?
False
Is 5086307 a prime number?
False
Is 1943747 a composite number?
True
Is 48774331 composite?
True
Is 66597943 prime?
True
Is 17321933 composite?
False
Is 587117 composite?
False
Is 898801 prime?
False
Is 4336967 prime?
False
Is 93974129 composite?
False
Is 8554547 prime?
True
Is 12590719 a composite number?
False
Is 6946473 composite?
True
Is 14653165 a prime number?
False
Is 117968453 prime?
True
Is 3195791 prime?
True
Is 22628699 a prime number?
True
Is 910730113 a prime number?
True
Is 165141391 prime?
False
Is 144583561 composite?
False
Is 30228851 a prime number?
True
Is 68926177 a composite number?
True
Is 5511251 composite?
False
Is 6714989 prime?
True
Is 689131 composite?
False
Is 2584243 composite?
True
Is 3646393 composite?
False
Is 696588227 a prime number?
True
Is 6256363 a composite number?
False
Is 12637181 a prime number?
False
Is 4485167 composite?
False
Is 40064107 composite?
True
Is 192914851 a composite number?
False
Is 8143907 prime?
True
Is 982237 a composite number?
True
Is 2073119 a composite number?
False
Is 3357929 prime?
True
Is 2084479 a prime number?
True
Is 3284833 a prime number?
True
Is 1044101 composite?
True
Is 7367887 prime?
True
Is 8271371 a prime number?
True
Is 1691155 composite?
True
Is 425235287 a prime number?
True
Is 30603211 composite?
False
Is 86971615 composite?
True
Is 176398747 prime?
False
Is 1845703 a composite number?
True
Is 205698117 composite?
True
Is 27293317 a prime number?
True
Is 383519659 prime?
True
Is 518123 a composite number?
False
Is 20553919 composite?
True
Is 37274957 prime?
True
Is 42590501 a composite number?
True
Is 1191629 composite?
True
Is 6940331 prime?
True
Is 171353363 composite?
False
Is 20377561 prime?
True
Is 24645697 a prime number?
True
Is 684923 composite?
False
Is 594435287 a prime number?
False
Is 892324787 a composite number?
False
Is 7791233 a prime number?
True
Is 12443627 prime?
False
Is 300461501 a prime number?
True
Is 3056119 a composite number?
True
Is 637087 composite?
True
Is 19859263 composite?
False
Is 14625943 prime?
True
Is 178439843 composite?
True
Is 5583053 prime?
False
Is 1762087 composite?
False
Is 106754539 a prime number?
False
Is 7025827 composite?
False
Is 1176313 composite?
True
Is 110185321 a prime number?
False
Is 1994518 composite?
True
Is 3019361 prime?
True
Is 179747101 composite?
False
Is 208192397 a composite number?
True
Is 16966317 prime?
False
Is 3460873 prime?
False
Is 42765467 prime?
True
Is 139593043 composite?
True
Is 89747695 prime?
False
Is 1190873 a composite number?
False
Is 314513 a composite number?
False
Is 94821845 a composite number?
True
Is 9963871 a composite number?
False
Is 23843089 a prime number?
False
Is 20381498 a prime number?
False
Is 7072321 a prime number?
True
Is 6107261 a prime number?
False
Is 1654111 prime?
True
Is 8373971 a composite number?
False
Is 53054413 composite?
True
Is 26917291 composite?
True
Is 32889211 a composite number?
False
Is 8441389 a composite number?
True
Is 7167059 composite?
False
Is 177654007 prime?
True
Is 7435066 composite?
True
Is 7815049 prime?
False
Is 2100781 a prime number?
True
Is 1072517 a composite number?
False
Is 857488171 composite?
False
Is 3265331 prime?
True
Is 14911439 a composite number?
False
Is 25202153 a prime number?
True
Is 1686743 a prime number?
True
Is 334592087 prime?
True
Is 622981 composite?
True
Is 57644819 a composite number?
False
Is 375909805 a prime number?
False
Is 237214321 a prime number?
True
Is 4639769 a prime number?
False
Is 1540147 composite?
True
Is 588251 a composite number?
True
Is 4202017 prime?
True
Is 945493 composite?
True
Is 2990647849 a composite number?
True
Is 2539967 prime?
False
Is 6920363 a prime number?
False
Is 23915203 composite?
True
Is 21248141 a composite number?
True
Is 7440221 composite?
False
Is 5812421 a prime number?
True
Is 11844089 a composite number?
True
Is 97504249 a prime number?
False
Is 2286649 composite?
False
Is 5679571 a prime number?
True
Is 74232757 a composite number?
False
Is 56947753 a prime number?
True
Is 35417269 a composite number?
False
Is 17131897 a composite number?
False
Is 22184009 composite?
False
Is 74417491 a composite number?
False
Is 12635773 a composite number?
True
Is 202232581 prime?
True
Is 559584011 a prime number?
False
Is 176550097 a prime number?
False
Is 887743 composite?
False
Is 1491377 a composite number?
False
Is 6176549 prime?
True
Is 191441 prime?
True
Is 2530769 a prime number?
True
Is 106785127 prime?
False
Is 2582753 composite?
False
Is 340805207 composite?
True
Is 962822755 prime?
False
Is 19772773 a prime number?
False
Is 50606767 prime?
False
Is 150085799 prime?
True
Is 124511737 a composite number?
True
Is 31868015 composite?
True
Is 31849397 composite?
False
Is 3529411 prime?
False
Is 289520731 a composite number?
False
Is 65311429 a prime number?
True
Is 5539407 prime?
False
Is 20810435 prime?
False
Is 84478333 prime?
False
Is 2376173 prime?
False
Is 134501 prime?
False
Is 29863 a prime number?
True
Is 201960989 prime?
True
Is 211463797 composite?
True
Is 3621127 composite?
False
Is 571471 composite?
False
Is 4349549 composite?
False
Is 5199442 composite?
True
Is 17508529 composite?
True
Is 33827441 a composite number?
False
Is 527551 a composite number?
True
Is 318111935 a composite number?
True
Is 97254013 a prime number?
True
Is 62207 a composite number?
False
Is 6176201 a composite number?
False
Is 17360647 prime?
False
Is 269674235 a composite number?
True
Is 2047385 composite?
True
Is 1125799 a prime number?
False
Is 13490522 prime?
False
Is 1657661 prime?
True
Is 303702911 a prime number?
True
Is 647330587 a composite number?
True
Is 52649491 composite?
True
Is 87814021 a prime number?
True
Is 4922497 prime?
True
Is 6935977 composite?
False
Is 7064419 composite?
False
Is 4140343 prime?
False
Is 874037 composite?
False
Is 83093623 composite?
False
Is 3423139 a prime number?
True
Is 4814627 a prime number?
False
Is 8734543 a prime number?
True
Is 18831793 a composite number?
True
Is 1260796441 a prime number?
True
Is 25778473 composite?
True
Is 17295518 composite?
True
Is 2238509647 composite?
True
Is 11527951 prime?
False
Is 87050287 a composite number?
False
Is 1074559 prime?
True
Is 328370473 a prime number?
False
Is 2947283 composite?
False
Is 1510679 a composite number?
False
Is 565199 composite?
True
Is 36439087 a composite number?
True
Is 828253 a prime number?
False
Is 20082053 prime?
False
Is 118259 a composite number?
False
Is 335299 a composite number?
False
Is 8636839 prime?
True
Is 8439833 prime?
False
Is 10681327 a composite number?
True
Is 117940037 a prime number?
True
Is 7335455 a prime number?
False
Is 89850823 a prime number?
True
Is 70547531 a composite number?
False
Is 178216261 a composite number?
True
Is 932407 a composite number?
True
Is 170036759 a prime number?
True
Is 10770817 composite?
False
Is 21398677 a composite number?
True
Is 37293167 a prime number?
True
Is 63465295 a composite number?
True
Is 2467301 a composite number?
False
Is 84990307 a composite number?
True
Is 372487 prime?
False
Is 3616489 composite?
False
Is 17519281 composite?
True
Is 6045779 a prime number?
True
Is 116861 a composite number?
True
Is 192721289 composite?
False
Is 53974351 composite?
True
Is 15886097 a composite number?
False
Is 762085 composite?
True
Is 2423689 a prime number?
True
Is 62110177 a composite number?
True
Is 12951805 prime?
